{"id":1496,"date":"2021-11-29T18:49:22","date_gmt":"2021-11-29T18:49:22","guid":{"rendered":"https:\/\/www.cellermartifabra.com\/producte\/seleccion-de-la-albera\/"},"modified":"2024-12-04T15:02:54","modified_gmt":"2024-12-04T15:02:54","slug":"seleccion-de-la-albera","status":"publish","type":"product","link":"https:\/\/www.cellermartifabra.com\/es\/producte\/seleccion-de-la-albera\/","title":{"rendered":"Selecci\u00f3n Albera"},"content":{"rendered":"<blockquote><p>Una buena selecci\u00f3n para regalar a quien quiere iniciarse en nuestros vinos.<\/p><\/blockquote>\n<p>Incluye:<\/p>\n<p><a href=\"https:\/\/www.cellermartifabra.com\/es\/producte\/verd-albera\/\">Verd Albera<\/a> 2023, vino blanco con crianza en hormig\u00f3n.<\/p>\n<p><a href=\"https:\/\/www.cellermartifabra.com\/es\/producte\/loratori\/\">L&#8217;Oratori<\/a> 2023, vino tinto con crianza en hormig\u00f3n.<\/p>\n<p><a href=\"https:\/\/www.cellermartifabra.com\/es\/producte\/seleccio-vinyes-velles\/\">Selecci\u00f3 Vinyes Velles<\/a> 2023, vino tinto con crianza en madera.<\/p>\n<p>Se presentan en caja de madera de 3 botellas de 75 cl con tapa deslizante y con asa.<\/p>\n","protected":false},"excerpt":{"rendered":"<p>Una buena selecci\u00f3n para regalar a quien quiere iniciarse en nuestros vinos. Incluye: Verd Albera 2023, vino blanco con crianza en hormig\u00f3n. L&#8217;Oratori 2023, vino tinto con crianza en hormig\u00f3n. Selecci\u00f3 Vinyes Velles 2023, vino tinto con crianza en madera. Se presentan en caja de madera de 3 botellas de 75 cl con tapa deslizante &hellip; <\/p>\n<p class=\"link-more\"><a href=\"https:\/\/www.cellermartifabra.com\/es\/producte\/seleccion-de-la-albera\/\" class=\"more-link\">Continuar leyendo<span class=\"screen-reader-text\"> \u00abSelecci\u00f3n Albera\u00bb<\/span><\/a><\/p>\n","protected":false},"featured_media":3266,"template":"","meta":[],"product_brand":[],"product_cat":[144],"product_tag":[85,132,99,76,65,77],"class_list":{"0":"post-1496","1":"product","2":"type-product","3":"status-publish","4":"has-post-thumbnail","6":"product_cat-lotes","7":"product_tag-blanc-es","8":"product_tag-caja-es","9":"product_tag-formigo-es","10":"product_tag-fusta-es","11":"product_tag-garnatxa-es","12":"product_tag-negre-es","14":"first","15":"instock","16":"taxable","17":"shipping-taxable","18":"purchasable","19":"product-type-simple"},"jetpack_sharing_enabled":true,"_links":{"self":[{"href":"https:\/\/www.cellermartifabra.com\/es\/wp-json\/wp\/v2\/product\/1496","targetHints":{"allow":["GET"]}}],"collection":[{"href":"https:\/\/www.cellermartifabra.com\/es\/wp-json\/wp\/v2\/product"}],"about":[{"href":"https:\/\/www.cellermartifabra.com\/es\/wp-json\/wp\/v2\/types\/product"}],"wp:featuredmedia":[{"embeddable":true,"href":"https:\/\/www.cellermartifabra.com\/es\/wp-json\/wp\/v2\/media\/3266"}],"wp:attachment":[{"href":"https:\/\/www.cellermartifabra.com\/es\/wp-json\/wp\/v2\/media?parent=1496"}],"wp:term":[{"taxonomy":"product_brand","embeddable":true,"href":"https:\/\/www.cellermartifabra.com\/es\/wp-json\/wp\/v2\/product_brand?post=1496"},{"taxonomy":"product_cat","embeddable":true,"href":"https:\/\/www.cellermartifabra.com\/es\/wp-json\/wp\/v2\/product_cat?post=1496"},{"taxonomy":"product_tag","embeddable":true,"href":"https:\/\/www.cellermartifabra.com\/es\/wp-json\/wp\/v2\/product_tag?post=1496"}],"curies":[{"name":"wp","href":"https:\/\/api.w.org\/{rel}","templated":true}]}}

Selección Albera

<blockquote><p>Una buena selección para regalar a quien quiere iniciarse en nuestros vinos.</p></blockquote>
<p>Incluye:</p>
<p><a href="https://www.cellermartifabra.com/es/producte/verd-albera/">Verd Albera</a> 2023, vino blanco con crianza en hormigón.</p>
<p><a href="https://www.cellermartifabra.com/es/producte/loratori/">L&#8217;Oratori</a> 2023, vino tinto con crianza en hormigón.</p>
<p><a href="https://www.cellermartifabra.com/es/producte/seleccio-vinyes-velles/">Selecció Vinyes Velles</a> 2023, vino tinto con crianza en madera.</p>
<p>Se presentan en caja de madera de 3 botellas de 75 cl con tapa deslizante y con asa.</p>

<p>Una buena selección para regalar a quien quiere iniciarse en nuestros vinos. Incluye: Verd Albera 2023, vino blanco con crianza en hormigón. L&#8217;Oratori 2023, vino tinto con crianza en hormigón. Selecció Vinyes Velles 2023, vino tinto con crianza en madera. Se presentan en caja de madera de 3 botellas de 75 cl con tapa deslizante &hellip; </p>
<p class="link-more"><a href="https://www.cellermartifabra.com/es/producte/seleccion-de-la-albera/" class="more-link">Continuar leyendo<span class="screen-reader-text"> «Selección Albera»</span></a></p>
